{"id":85,"date":"2026-03-19T09:45:02","date_gmt":"2026-03-19T09:45:02","guid":{"rendered":"https:\/\/www.arteverde.pl\/?page_id=85"},"modified":"2026-03-19T09:57:15","modified_gmt":"2026-03-19T09:57:15","slug":"polityka-prywatnosci","status":"publish","type":"page","link":"https:\/\/www.arteverde.pl\/index.php\/polityka-prywatnosci\/","title":{"rendered":"Polityka prywatno\u015bci"},"content":{"rendered":"<div id=\"pl-gb85-69e4ae7ca57b7\"  class=\"panel-layout\" ><div id=\"pg-gb85-69e4ae7ca57b7-0\"  class=\"panel-grid panel-no-style\" ><div id=\"pgc-gb85-69e4ae7ca57b7-0-0\"  class=\"panel-grid-cell\" ><div id=\"panel-gb85-69e4ae7ca57b7-0-0-0\" class=\"so-panel widget widget_sow-editor panel-first-child panel-last-child\" data-index=\"0\" ><div\n\t\t\t\n\t\t\tclass=\"so-widget-sow-editor so-widget-sow-editor-base\"\n\t\t\t\n\t\t>\n<div class=\"siteorigin-widget-tinymce textwidget\">\n\t<p><strong>Polityka Prywatno\u015bci i Plik\u00f3w Cookies<\/strong><\/p>\n<p>Niniejsza Polityka Prywatno\u015bci i Plik\u00f3w Cookies okre\u015bla zasady przetwarzania danych osobowych oraz wykorzystywania plik\u00f3w cookies i innych technologii \u015bledz\u0105cych w zwi\u0105zku z funkcjonowaniem strony internetowej ArteVerde.pl, prowadzonej przez Stowarzyszenie Arte Verde Nauka i Rozw\u00f3j, maj\u0105cego siedzib\u0119 przy ul. Karola Hiellego 3, 96-300 \u017byrard\u00f3w, NIP 8381892151<\/p>\n<ol>\n<li>Kto jest administratorem Twoich danych osobowych?<\/li>\n<\/ol>\n<p>Administratorem Twoich danych osobowych jest Stowarzyszenie Arte Verde Nauka i Rozw\u00f3j, maj\u0105cego siedzib\u0119 przy ul. Karola Hiellego 3, 96-300 \u017byrard\u00f3w, NIP 8381892151, e-mail: stowarzyszenie@arteverde.pl<\/p>\n<ol start=\"2\">\n<li>Z kim mo\u017cesz kontaktowa\u0107 si\u0119 w sprawie przetwarzania Twoich danych osobowych?<\/li>\n<\/ol>\n<p>W sprawach zwi\u0105zanych z przetwarzaniem danych osobowych mo\u017cesz kontaktowa\u0107 si\u0119 z nami pod adresem e-mail: stowarzyszenie@arteverde.pl<\/p>\n<ol start=\"3\">\n<li>Jakie informacje na Tw\u00f3j temat posiadamy?<\/li>\n<\/ol>\n<p>Przetwarzamy nast\u0119puj\u0105ce dane osobowe: imi\u0119 i nazwisko, adres e-mail, numer telefonu, dane dotycz\u0105ce p\u0142atno\u015bci.<\/p>\n<ol start=\"4\">\n<li>Sk\u0105d mamy Twoje dane osobowe?<\/li>\n<\/ol>\n<p>Dane osobowe zbierane s\u0105 bezpo\u015brednio od Ciebie podczas rejestracji na stronie, zapisu na newsletter, zakupu produkt\u00f3w lub us\u0142ug, wype\u0142niania formularzy kontaktowych oraz podczas korzystania z naszych us\u0142ug.<\/p>\n<ol start=\"5\">\n<li>Czy Twoje dane s\u0105 bezpieczne?<\/li>\n<\/ol>\n<p>Dok\u0142adamy wszelkich stara\u0144, aby Twoje dane osobowe by\u0142y bezpieczne. Stosujemy odpowiednie \u015brodki techniczne i organizacyjne, aby chroni\u0107 Twoje dane przed nieuprawnionym dost\u0119pem, utrat\u0105, zniszczeniem lub nieuprawnionym ujawnieniem.<\/p>\n<ol start=\"6\">\n<li>W jakich celach przetwarzamy Twoje dane osobowe?<\/li>\n<\/ol>\n<p>Przetwarzamy Twoje dane osobowe w nast\u0119puj\u0105cych celach: organizacja i zarz\u0105dzanie zapisami na zaj\u0119cia, prowadzenie konta u\u017cytkownika w systemie rezerwacyjnym, informowanie o zmianach w grafiku zaj\u0119\u0107, wydarzeniach, warsztatach, przesy\u0142anie newslettera z tre\u015bciami edukacyjnymi i promocyjnymi, realizacja um\u00f3w sprzeda\u017cy produkt\u00f3w lub us\u0142ug, obs\u0142uga reklamacji, prowadzenie dzia\u0142a\u0144 marketingowych, statystycznych i analitycznych.<\/p>\n<p>&nbsp;<\/p>\n<table>\n<tbody>\n<tr>\n<td width=\"192\"><strong>Cel przetwarzania danych<\/strong><\/td>\n<td width=\"192\"><strong>Okres przechowywania danych<\/strong><\/td>\n<td width=\"192\"><strong>Podstawa prawna<\/strong><\/td>\n<\/tr>\n<tr>\n<td width=\"192\">Konto u\u017cytkownika<\/td>\n<td width=\"192\">Do czasu usuni\u0119cia konta u\u017cytkownika<\/td>\n<td width=\"192\">Art. 6 ust. 1 lit. b RODO<\/td>\n<\/tr>\n<tr>\n<td width=\"192\">Realizacja zam\u00f3wienia i umowy<\/td>\n<td width=\"192\">Do czasu wykonania umowy<\/td>\n<td width=\"192\">Art. 6 ust. 1 lit. b RODO<\/td>\n<\/tr>\n<tr>\n<td width=\"192\">Doko\u0144czenie zam\u00f3wienia przez klienta<\/td>\n<td width=\"192\">Przez 6 miesi\u0119cy od rozpocz\u0119cia zam\u00f3wienia<\/td>\n<td width=\"192\">Art. 6 ust. 1 lit. b RODO<\/td>\n<\/tr>\n<tr>\n<td width=\"192\">Reklamacje i odst\u0105pienia od umowy<\/td>\n<td width=\"192\">Do czasu zako\u0144czenia obs\u0142ugi reklamacji lub odst\u0105pienia od umowy<\/td>\n<td width=\"192\">Art. 6 ust. 1 lit. c RODO<\/td>\n<\/tr>\n<tr>\n<td width=\"192\">Newsletter<\/td>\n<td width=\"192\">Do czasu rezygnacji z otrzymywania newslettera<\/td>\n<td width=\"192\">Art. 6 ust. 1 lit. a RODO<\/td>\n<\/tr>\n<tr>\n<td width=\"192\">Obowi\u0105zki podatkowe i ksi\u0119gowe<\/td>\n<td width=\"192\">Przez czas wymagany przez przepisy prawa<\/td>\n<td width=\"192\">Art. 6 ust. 1 lit. c RODO<\/td>\n<\/tr>\n<tr>\n<td width=\"192\">Archiwum<\/td>\n<td width=\"192\">Do czasu utraty przydatno\u015bci informacji<\/td>\n<td width=\"192\">Art. 6 ust. 1 lit. f RODO<\/td>\n<\/tr>\n<tr>\n<td width=\"192\">Ustalenie, obrona, dochodzenie roszcze\u0144<\/td>\n<td width=\"192\">Do czasu przedawnienia roszcze\u0144<\/td>\n<td width=\"192\">Art. 6 ust. 1 lit. f RODO<\/td>\n<\/tr>\n<tr>\n<td width=\"192\">Grupy odbiorc\u00f3w reklam<\/td>\n<td width=\"192\">Do czasu utraty przydatno\u015bci informacji lub wniesienia sprzeciwu wobec przetwarzania<\/td>\n<td width=\"192\">Art. 6 ust. 1 lit. f RODO<\/td>\n<\/tr>\n<tr>\n<td width=\"192\">Media spo\u0142eczno\u015bciowe<\/td>\n<td width=\"192\">Przez czas, w jaki informacje dost\u0119pne s\u0105 w ramach serwisu spo\u0142eczno\u015bciowego<\/td>\n<td width=\"192\">Art. 6 ust. 1 lit. f RODO<\/td>\n<\/tr>\n<tr>\n<td width=\"192\">Analiza i statystyka<\/td>\n<td width=\"192\">Do czasu utraty przydatno\u015bci informacji lub wniesienia sprzeciwu wobec przetwarzania<\/td>\n<td width=\"192\">Art. 6 ust. 1 lit. f RODO<\/td>\n<\/tr>\n<tr>\n<td width=\"192\">Marketing w\u0142asny<\/td>\n<td width=\"192\">Do czasu utraty przydatno\u015bci informacji lub wniesienia sprzeciwu wobec przetwarzania<\/td>\n<td width=\"192\">Art. 6 ust. 1 lit. f RODO<\/td>\n<\/tr>\n<tr>\n<td width=\"192\">Kontakt i korespondencja<\/td>\n<td width=\"192\">Do czasu trwania kontaktu mi\u0119dzy nami<\/td>\n<td width=\"192\">Art. 6 ust. 1 lit. f RODO<\/td>\n<\/tr>\n<tr>\n<td width=\"192\">Narz\u0119dzia dodatkowe<\/td>\n<td width=\"192\">Do czasu utraty przydatno\u015bci informacji lub wniesienia sprzeciwu wobec przetwarzania<\/td>\n<td width=\"192\">Art. 6 ust. 1 lit. f RODO<\/td>\n<\/tr>\n<tr>\n<td width=\"192\">Obowi\u0105zki dot. ochrony danych osobowych<\/td>\n<td width=\"192\">Do up\u0142ywu okresu przedawnienia naszej odpowiedzialno\u015bci jako administratora danych osobowych<\/td>\n<td width=\"192\">Art. 6 ust. 1 lit. c RODO<\/td>\n<\/tr>\n<tr>\n<td width=\"192\">Obowi\u0105zki zwi\u0105zane z DSA<\/td>\n<td width=\"192\">Do up\u0142ywu okresu przedawnienia naszej odpowiedzialno\u015bci jako dostawcy us\u0142ugi po\u015bredniej<\/td>\n<td width=\"192\">Art. 6 ust. 1 lit. c RODO<\/td>\n<\/tr>\n<tr>\n<td width=\"192\">Przechowywanie Tre\u015bci U\u017cytkownika<\/td>\n<td width=\"192\">Do czasu usuni\u0119cia Tre\u015bci U\u017cytkownika<\/td>\n<td width=\"192\">Art. 6 ust. 1 lit. b RODO<\/td>\n<\/tr>\n<\/tbody>\n<\/table>\n<p>&nbsp;<\/p>\n<ol start=\"7\">\n<li>Jak d\u0142ugo b\u0119dziemy przechowywa\u0107 Twoje dane osobowe?<\/li>\n<\/ol>\n<p>Twoje dane osobowe b\u0119d\u0105 przechowywane przez okres niezb\u0119dny do realizacji cel\u00f3w, dla kt\u00f3rych zosta\u0142y zebrane, a nast\u0119pnie przez okres wymagany przepisami prawa lub do czasu wycofania zgody na ich przetwarzanie.<\/p>\n<ol start=\"8\">\n<li>Kim s\u0105 odbiorcy Twoich danych osobowych?<\/li>\n<\/ol>\n<p>Odbiorcami Twoich danych osobowych mog\u0105 by\u0107 podmioty \u015bwiadcz\u0105ce us\u0142ugi na nasz\u0105 rzecz, takie jak dostawcy us\u0142ug IT, firmy kurierskie, biura rachunkowe, kancelarie prawne, a tak\u017ce podmioty uprawnione do uzyskania danych na podstawie przepis\u00f3w prawa.<\/p>\n<ol start=\"9\">\n<li>Czy przekazujemy Twoje dane do pa\u0144stw trzecich?<\/li>\n<\/ol>\n<p>Twoje dane osobowe mog\u0105 by\u0107 przekazywane do pa\u0144stw trzecich, je\u015bli jest to niezb\u0119dne do realizacji cel\u00f3w przetwarzania. W takim przypadku zapewniamy odpowiedni poziom ochrony danych osobowych zgodnie z obowi\u0105zuj\u0105cymi przepisami prawa.<\/p>\n<ol start=\"10\">\n<li>Czy korzystamy z profilowania?<\/li>\n<\/ol>\n<p>Nie podejmujemy wobec Ciebie decyzji opieraj\u0105cych si\u0119 wy\u0142\u0105cznie na zautomatyzowanym przetwarzaniu, w tym profilowaniu, kt\u00f3re wywo\u0142ywa\u0142yby wobec Ciebie skutki prawne lub w podobny spos\u00f3b istotnie na Ciebie wp\u0142ywa\u0142y. Korzystamy z narz\u0119dzi, w ramach kt\u00f3rych mo\u017cemy podejmowa\u0107 okre\u015blone dzia\u0142ania w zale\u017cno\u015bci od informacji zebranych w ramach mechanizm\u00f3w \u015bledz\u0105cych, ale uwa\u017camy, \u017ce dzia\u0142ania te nie maj\u0105 istotnego wp\u0142ywu na Ciebie, poniewa\u017c nie r\u00f3\u017cnicuj\u0105 Twojej sytuacji jako klienta, nie wp\u0142ywaj\u0105 na warunki umowy, jak\u0105 mo\u017cesz zawrze\u0107 itp.<\/p>\n<ol start=\"11\">\n<li>Jakie masz prawa w zwi\u0105zku z przetwarzaniem danych?<\/li>\n<\/ol>\n<p>RODO przyznaje Ci nast\u0119puj\u0105ce potencjalne uprawnienia zwi\u0105zane z przetwarzaniem Twoich danych osobowych: prawo dost\u0119pu do swoich danych oraz otrzymania ich kopii, prawo do sprostowania (poprawiania) swoich danych, prawo do usuni\u0119cia danych (je\u017celi Twoim zdaniem nie ma podstaw, aby\u015bmy przetwarzali Twoje dane, mo\u017cesz \u017c\u0105da\u0107, aby\u015bmy je usun\u0119li), prawo do ograniczenia przetwarzania danych (mo\u017cesz \u017c\u0105da\u0107, aby\u015bmy ograniczyli przetwarzanie danych wy\u0142\u0105cznie do ich przechowywania lub wykonywania uzgodnionych z Tob\u0105 dzia\u0142a\u0144, je\u017celi w Twojej opinii mamy nieprawid\u0142owe dane lub przetwarzamy je bezpodstawnie), prawo do wniesienia sprzeciwu wobec przetwarzania danych (masz prawo do sprzeciwu wobec przetwarzania danych na podstawie prawnie uzasadnionego interesu; powiniene\u015b wskaza\u0107 szczeg\u00f3ln\u0105 sytuacj\u0119, kt\u00f3ra Twoim zdaniem uzasadnia zaprzestanie przetwarzania obj\u0119tego sprzeciwem; przestaniemy przetwarza\u0107 Twoje dane w tych celach, chyba \u017ce wyka\u017cemy, \u017ce podstawy przetwarzania danych s\u0105 nadrz\u0119dne wobec Twoich praw lub te\u017c, \u017ce Twoje dane s\u0105 niezb\u0119dne do ustalenia, dochodzenia lub obrony roszcze\u0144), prawo do przenoszenia danych (masz prawo otrzyma\u0107 w ustrukturyzowanym, powszechnie u\u017cywanym formacie nadaj\u0105cym si\u0119 do odczytu maszynowego dane osobowe, kt\u00f3re dostarczy\u0142e\u015b na podstawie umowy lub Twojej zgody; mo\u017cesz zleci\u0107 przes\u0142anie tych danych bezpo\u015brednio innemu podmiotowi), prawo do cofni\u0119cia zgody na przetwarzanie danych osobowych, je\u017celi uprzednio tak\u0105 zgod\u0119 wyrazi\u0142e\u015b, prawo wniesienia skargi do organu nadzorczego (je\u017celi stwierdzisz, \u017ce przetwarzamy dane niezgodnie z prawem, mo\u017cesz z\u0142o\u017cy\u0107 w tej sprawie skarg\u0119 do Prezesa Urz\u0119du Ochrony Danych Osobowych lub innego w\u0142a\u015bciwego organu nadzorczego).<\/p>\n<ol start=\"12\">\n<li>Czy korzystamy z cookies lub innych technologii i na czym to polega?<\/li>\n<\/ol>\n<p>Nasza strona internetowa, podobnie jak niemal wszystkie inne strony internetowe, wykorzystuje pliki cookies oraz inne podobne technologie, takie jak kody lub piksele \u015bledz\u0105ce, API konwersji itp. Z wykorzystaniem cookies lub innych podobnych technologii gromadzone s\u0105 okre\u015blone informacje wykorzystywane nast\u0119pnie w r\u00f3\u017cnych celach, pocz\u0105wszy od zapewnienia prawid\u0142owego dzia\u0142ania poszczeg\u00f3lnych funkcji strony, poprzez analiz\u0119 zachowa\u0144 u\u017cytkownik\u00f3w na stronie, sko\u0144czywszy na kierowaniu targetowanej reklamy.<\/p>\n<ol start=\"13\">\n<li>Na jakiej podstawie korzystamy z cookies lub innych podobnych technologii?<\/li>\n<\/ol>\n<p>Z plik\u00f3w cookies lub innych podobnych technologii korzystamy na podstawie Twojej zgody, z wyj\u0105tkiem sytuacji, gdy pliki cookies lub inne podobne technologie s\u0105 niezb\u0119dne do prawid\u0142owego \u015bwiadczenia na Twoj\u0105 rzecz us\u0142ug. Pliki cookies lub inne podobne technologie, kt\u00f3re nie s\u0105 niezb\u0119dne do prawid\u0142owego \u015bwiadczenia us\u0142ug, pozostaj\u0105 zablokowane do czasu wyra\u017cenia przez Ciebie zgody na korzystanie z nich. Podczas Twojej pierwszej wizyty na naszej stronie wy\u015bwietlany jest Ci komunikat z pytaniem o Twoj\u0105 zgod\u0119 wraz z mo\u017cliwo\u015bci\u0105 zarz\u0105dzania cookies lub innymi podobnymi technologiami, tj. zdecydowania, na kt\u00f3re pliki cookies lub inne podobne technologie si\u0119 godzisz, a kt\u00f3re chcesz blokowa\u0107.<\/p>\n<ol start=\"14\">\n<li>Czy mo\u017cesz wy\u0142\u0105czy\u0107 pliki cookies lub inne podobne technologie?<\/li>\n<\/ol>\n<p>Tak, mo\u017cesz zarz\u0105dza\u0107 ustawieniami plik\u00f3w cookies lub innych podobnych technologii w ramach swojej przegl\u0105darki internetowej. Mo\u017cesz blokowa\u0107 wszystkie lub wybrane pliki cookies lub inne podobne technologie. W ka\u017cdej chwili mo\u017cesz r\u00f3wnie\u017c usun\u0105\u0107 zapisane wcze\u015bniej pliki cookies oraz inne dane witryn i wtyczek. Przegl\u0105darki internetowe oferuj\u0105 r\u00f3wnie\u017c mo\u017cliwo\u015b\u0107 korzystania z trybu incognito. Mo\u017cesz z niego skorzysta\u0107, je\u015bli nie chcesz, by informacje o odwiedzonych stronach i pobranych plikach zosta\u0142y zapisane w historii przegl\u0105dania i pobierania. Pliki cookies utworzone w trybie incognito s\u0105 usuwane w momencie zamkni\u0119cia wszystkich okien tego trybu. Dost\u0119pne s\u0105 r\u00f3wnie\u017c wtyczki do przegl\u0105darek umo\u017cliwiaj\u0105ce kontrol\u0119 nad plikami cookies lub podobnymi technologiami, takie jak np. Ghostery. Opcj\u0119 kontroli nad plikami cookies lub podobnymi technologiami mo\u017ce zapewnia\u0107 r\u00f3wnie\u017c dodatkowe oprogramowanie, w szczeg\u00f3lno\u015bci pakiety antywirusowe itp. Ponadto w Internecie dost\u0119pne s\u0105 narz\u0119dzia pozwalaj\u0105ce na kontrol\u0119 nad niekt\u00f3rymi rodzajami plik\u00f3w cookies lub innych technologii, w szczeg\u00f3lno\u015bci na zbiorowe zarz\u0105dzanie ustawieniami reklamy behawioralnej. Dajemy Ci r\u00f3wnie\u017c mo\u017cliwo\u015b\u0107 kontroli nad plikami cookies lub innymi podobnymi technologiami bezpo\u015brednio z poziomu naszej strony. Zaimplementowali\u015bmy specjalny mechanizm prywatno\u015bci, kt\u00f3ry pozwala Ci blokowa\u0107 te pliki cookies lub inne technologie, kt\u00f3rych sobie nie \u017cyczysz. Pami\u0119taj, \u017ce wy\u0142\u0105czenie lub ograniczenie obs\u0142ugi plik\u00f3w cookies lub innych technologii mo\u017ce uniemo\u017cliwia\u0107 u\u017cywanie cz\u0119\u015bci funkcji dost\u0119pnych na naszych stronach oraz powodowa\u0107 trudno\u015bci w korzystaniu ze strony, jak r\u00f3wnie\u017c z wielu innych stron internetowych, kt\u00f3re stosuj\u0105 cookies lub inne podobne technologie. Przyk\u0142adowo, je\u017celi zablokujesz pliki cookies lub technologie zwi\u0105zane z wtyczkami serwis\u00f3w spo\u0142eczno\u015bciowych, przyciski, widgety, funkcje spo\u0142eczno\u015bciowe zaimplementowane na naszych stronach mog\u0105 by\u0107 dla Ciebie niedost\u0119pne.<\/p>\n<ol start=\"15\">\n<li>W jakich celach korzystamy z plik\u00f3w cookies lub innych podobnych technologii?<\/li>\n<\/ol>\n<p>Pliki cookies lub inne podobne technologie wykorzystywane s\u0105 do zapewnienia prawid\u0142owego funkcjonowania poszczeg\u00f3lnych mechanizm\u00f3w naszych stron, takich jak zapami\u0119tywanie zawarto\u015bci koszyka przez okre\u015blony czas po dodaniu do niego wybranych produkt\u00f3w, utrzymywanie sesji po zalogowaniu, prawid\u0142owe przesy\u0142anie formularzy widocznych na stronach, osadzanie odtwarzaczy wideo lub audio, dzia\u0142anie systemu komentarzy, wtyczek spo\u0142eczno\u015bciowych itp. Ponadto, pliki cookies lub inne podobne technologie wykorzystywane s\u0105 w celu prowadzenia dzia\u0142a\u0144 statystycznych, analitycznych i marketingowych. W plikach cookies przechowywana jest r\u00f3wnie\u017c informacja o zdefiniowanych przez Ciebie ustawieniach cookies dokonanych z poziomu mechanizmu prywatno\u015bci funkcjonuj\u0105cej w ramach naszej strony. Cz\u0119\u015b\u0107 plik\u00f3w cookies lub innych podobnych technologii zwi\u0105zana jest z narz\u0119dziami zewn\u0119trznymi, z kt\u00f3rych korzystamy, a dostawcy tych narz\u0119dzi mog\u0105 uzyskiwa\u0107 dost\u0119p do informacji gromadzonych za pomoc\u0105 tych plik\u00f3w cookies lub innych podobnych technologii. Szczeg\u00f3\u0142y na temat narz\u0119dzi zewn\u0119trznych znajduj\u0105 si\u0119 w za\u0142\u0105czniku do Polityki prywatno\u015bci.<\/p>\n<ol start=\"16\">\n<li>W jaki spos\u00f3b mo\u017cesz zarz\u0105dza\u0107 swoj\u0105 prywatno\u015bci\u0105?<\/li>\n<\/ol>\n<p>Odpowied\u017a na to pytanie znajduje si\u0119 w wielu miejscach niniejszej Polityki prywatno\u015bci przy okazji opisywania poszczeg\u00f3lnych narz\u0119dzi, reklamy behawioralnej itp. Niemniej jednak, dla Twojej wygody zebrali\u015bmy jeszcze raz te informacje w jednym miejscu. Poni\u017cej znajdziesz list\u0119 mo\u017cliwo\u015bci zarz\u0105dzania swoj\u0105 prywatno\u015bci\u0105: ustawienia prywatno\u015bci w ramach przegl\u0105darki internetowej; wtyczki do przegl\u0105darek wspieraj\u0105ce zarz\u0105dzanie prywatno\u015bci\u0105 np. Ghostery; dodatkowe oprogramowanie zarz\u0105dzaj\u0105ce prywatno\u015bci\u0105; tryb incognito w przegl\u0105darce internetowej; ustawienia reklamy behawioralnej, np. youronlinechoices.com; mechanizm prywatno\u015bci dost\u0119pny z poziomu naszej strony; ustawienia prywatno\u015bci w ramach poszczeg\u00f3lnych serwis\u00f3w spo\u0142eczno\u015bciowych.<\/p>\n<ol start=\"17\">\n<li>Czy jest jeszcze co\u015b, o czym powiniene\u015b wiedzie\u0107?<\/li>\n<\/ol>\n<p>Jak widzisz, tematyka przetwarzania danych osobowych, wykorzystywania plik\u00f3w cookies i zarz\u0105dzania og\u00f3lnie poj\u0119t\u0105 prywatno\u015bci\u0105 jest do\u015b\u0107 skomplikowana. Do\u0142o\u017cyli\u015bmy wszelkich stara\u0144, by niniejszy dokument dostarczy\u0142 Ci jak najdalej id\u0105cej wiedzy w wa\u017cnych dla Ciebie kwestiach. Je\u017celi cokolwiek jest dla Ciebie niejasne, chcesz dowiedzie\u0107 si\u0119 wi\u0119cej lub po prostu porozmawia\u0107 o Twojej prywatno\u015bci, napisz do nas na adres stowarzyszenie@arteverde.pl<\/p>\n<ol start=\"18\">\n<li>Czy ta Polityka prywatno\u015bci mo\u017ce podlega\u0107 zmianom?<\/li>\n<\/ol>\n<p>Tak, mo\u017cemy modyfikowa\u0107 t\u0119 Polityk\u0119 prywatno\u015bci, w szczeg\u00f3lno\u015bci ze wzgl\u0119du na zmiany technologiczne oraz zmiany przepis\u00f3w prawa. Je\u017celi posiadasz konto u\u017cytkownika lub subskrybujesz newsletter, o ka\u017cdej zmianie Polityki prywatno\u015bci otrzymasz wiadomo\u015b\u0107.<\/p>\n<\/div>\n<\/div><\/div><\/div><\/div><\/div>","protected":false},"excerpt":{"rendered":"<p>Polityka Prywatno\u015bci i Plik\u00f3w Cookies Niniejsza Polityka Prywatno\u015bci i Plik\u00f3w Cookies okre\u015bla zasady przetwarzania danych osobowych oraz wykorzystywania plik\u00f3w cookies i innych technologii \u015bledz\u0105cych w zwi\u0105zku z funkcjonowaniem strony internetowej ArteVerde.pl, prowadzonej przez Stowarzyszenie Arte Verde Nauka i Rozw\u00f3j, maj\u0105cego &hellip; <a href=\"https:\/\/www.arteverde.pl\/index.php\/polityka-prywatnosci\/\">Czytaj wi\u0119cej<\/a><\/p>\n","protected":false},"author":1,"featured_media":0,"parent":0,"menu_order":0,"comment_status":"closed","ping_status":"closed","template":"","meta":{"footnotes":""},"class_list":["post-85","page","type-page","status-publish","hentry"],"_links":{"self":[{"href":"https:\/\/www.arteverde.pl\/index.php\/wp-json\/wp\/v2\/pages\/85","targetHints":{"allow":["GET"]}}],"collection":[{"href":"https:\/\/www.arteverde.pl\/index.php\/wp-json\/wp\/v2\/pages"}],"about":[{"href":"https:\/\/www.arteverde.pl\/index.php\/wp-json\/wp\/v2\/types\/page"}],"author":[{"embeddable":true,"href":"https:\/\/www.arteverde.pl\/index.php\/wp-json\/wp\/v2\/users\/1"}],"replies":[{"embeddable":true,"href":"https:\/\/www.arteverde.pl\/index.php\/wp-json\/wp\/v2\/comments?post=85"}],"version-history":[{"count":4,"href":"https:\/\/www.arteverde.pl\/index.php\/wp-json\/wp\/v2\/pages\/85\/revisions"}],"predecessor-version":[{"id":93,"href":"https:\/\/www.arteverde.pl\/index.php\/wp-json\/wp\/v2\/pages\/85\/revisions\/93"}],"wp:attachment":[{"href":"https:\/\/www.arteverde.pl\/index.php\/wp-json\/wp\/v2\/media?parent=85"}],"curies":[{"name":"wp","href":"https:\/\/api.w.org\/{rel}","templated":true}]}}